z + 10. Let n(r) = r**2 - r + 1. Let a(b) = c*k(b) + 4*n(b). What is the units digit of a(6)?
2
Let j(y) = -y + 13. Suppose 0 = -i - 14 - 4. Let p be (-171)/i - (-2)/4. What is the units digit of j(p)?
3
Suppose 757 = 3*n - z, -2*n + 214 + 269 = -5*z. What is the tens digit of n?
5
Suppose 4*y = 0, -3*y + 4*y - 2267 = -x. What is the hundreds digit of x?
2
Suppose 4*h + 1 = 5*o, 0*h + o = 4*h - 19. Let r be (830/(-15))/((-4)/h). Let s = r - 55. What is the tens digit of s?
2
Let h be 211 + (0 - 1 - 1). Suppose -103 = -2*a + h. Let r = a + -94. What is the tens digit of r?
6
Let w be (-5)/1 + 2 + -1. Let n(c) = -4*c**2 + 2*c**2 + 2*c**2 + c**2 - 3*c - 5. What is the units digit of n(w)?
3
Suppose 0 = -t + 2*x + 753, 0 = 3*t - 6*x + 5*x - 2264. What is the hundreds digit of t?
7
Suppose 0 = -3*x - 0*x + 42. Suppose 0 = 5*m - o + x, -2 + 6 = -4*m - o. Let b(w) = 3*w**2 - 4*w - 3. What is the units digit of b(m)?
7
Let d be 2 + -9 + (-16)/(-4). What is the units digit of 24*(112/12 + d)?
2
Suppose -20*x = -1156 - 64. What is the units digit of x?
1
Let z(f) = 14*f - 19. Suppose -2*s + 25 = -i + 7, 0 = -2*s - 3*i + 10. What is the tens digit of z(s)?
9
Suppose 5*x = 7 + 18. Suppose 6*a + x*o - 80 = 4*a, 0 = -o + 4. Suppose 2*b = 44 + a. What is the units digit of b?
7
Let n(w) = -w**3 - 3*w**2 - 3*w - 2. Let z be n(-3). Let f(u) = 3*u**2 - 8*u - 11. What is the units digit of f(z)?
0
Suppose -5*a + 2915 = 5*z, 2*z = 21 - 23. What is the tens digit of a?
8
Suppose -98*w + 183 = -95*w. Let a = 129 - w. What is the units digit of a?
8
Let r be (-1 - -3)*2/8*2. What is the units digit of r*(0 + -1) - -4?
3
Suppose 0 = -m + 5*f + 29, m + 4*f = -m - 12. Let z be -3 + (12 - (-4 + 4)). Suppose -m*t + 49 = z. What is the tens digit of t?
1
Suppose 98*f - 85*f = 19487. What is the units digit of f?
9
Let a be 5/1 - (11 - 14). What is the tens digit of (-63)/6*a/(-3)?
2
What is the units digit of (-38)/(-133) + 374/14?
7
Let o be 6/2*(-6)/(-9). Let q be (-7)/(-14) + (-69)/o. Let d = q - -96. What is the tens digit of d?
6
Let f(l) = -2*l - 22. Let n be f(-12). Suppose 3*w - 28 = n*w. What is the tens digit of w?
2
Suppose 24*b + 4645 = 29*b. What is the units digit of b?
9
Let s = 215 - 137. Suppose 0 = -3*r, -g - g = -4*r - s. What is the units digit of g?
9
Let n(i) = i**2 - 7*i - 2. Let a be n(8). Let w be a + (-5 - -2) - 1. Let y(m) = 10*m**2 + 4. What is the units digit of y(w)?
4
Let v be (-2)/4 - (-63)/2. Let q = 79 + -68. Let l = v - q. What is the tens digit of l?
2
Let y be (1/(-3))/(-3*(-7)/(-19593)). Let h = y - 163. What is the tens digit of h?
4
Suppose 0 = 5*c - 5*r - 710, -5*c + 5*r - 3*r = -710. Let a = c + -53. What is the tens digit of a?
8
Let u be -33*(-4)/6 - (1 - 1). Let j(i) = i**2 - 18*i - 11. What is the units digit of j(u)?
7
Suppose 0 = f + 2*i - 3893, -4*f - 14*i + 11*i + 15582 = 0. What is the units digit of f?
7
Suppose -2*c - 5*g - 24 = -g, c = 4*g. Let m be (-2)/c - 694/(-8). Let o = m - 38. What is the tens digit of o?
4
What is the tens digit of (-1892)/(-4) - (-9)/((-9)/2)?
7
Let d be -3*(94 - 0 - (19 - 15)). Let g = d + 600. What is the hundreds digit of g?
3
Let b(h) = -16*h - 17. Let a(u) = -u**2 + u + 3. Let x be a(3). What is the tens digit of b(x)?
3
Suppose 29*u - 113930 - 40843 = 0. What is the hundreds digit of u?
3
Suppose 0 = -4*o - 3*i - 2*i + 683, i + 359 = 2*o. What is the tens digit of (-2)/(-1*6/o)?
5
Let w(z) = -z**3 - 8*z**2 - 15*z - 47. Let l be w(-7). Suppose -213 = -l*q + 1578. What is the tens digit of q?
9
Let j(z) = -287*z. What is the hundreds digit of j(-4)?
1
Suppose -b + 4*t - 296 = 0, 3*t + 0*t = 5*b + 1497. Let r = 523 + b. What is the hundreds digit of r?
2
Let a(c) = 835*c**2 - 3*c + 1. What is the hundreds digit of a(1)?
8
Let d = -1750 + 3328. What is the hundreds digit of d?
5
Suppose -3*r + 4614 + 364 = 4*j, -3312 = -2*r + 4*j. What is the thousands digit of r?
1
Let q(g) = -87*g + 3601. What is the hundreds digit of q(0)?
6
Let h be (9/3)/(-1) - -9. Suppose -3*m + m - h = -3*t, 2 = t - m. Suppose -14 = -t*i - 5*d, -4*i + 57 + 3 = 2*d. What is the units digit of i?
7
Let w(m) = 3*m**2 - 6*m + 9. Let p be w(-5). Let b = p - 53. What is the units digit of b?
1
Suppose -1899 = -3*b - n, 11*n - 14*n - 623 = -b. What is the tens digit of b?
3
Let c(o) = -15*o**3 + 14*o + 6. What is the hundreds digit of c(-4)?
9
Let k be 182 - 1/((-5)/15). What is the units digit of 2/(k/61 - 3)?
1
Let b(l) = l**3 + 4*l**2 + 4. Let n be b(-4). Suppose 3*a + 8 = n*a. Let g = a - 2. What is the units digit of g?
6
Let m(i) = -3*i - 6. Let s be m(-5). Let u = 15 - s. Suppose u*l - 8*l + 4 = 0. What is the units digit of l?
2
Suppose 13824 = 4*c - p, -3477 = -2*c + c - 5*p. What is the units digit of c?
7
Let p(h) = -h + 1. Let f(l) = -10*l + 18. Let w(i) = 2*f(i) - 22*p(i). Let y be w(-5). Suppose -3*k - y = -5*k. What is the units digit of k?
2
Suppose 0 = a + 2*a - 30. Let g = a + -6. Suppose -3*k - g*v + 48 = -16, -3*v = -2*k + 37. What is the tens digit of k?
2
Suppose -109*n + 112*n - 1578 = 0. What is the hundreds digit of n?
5
Let k(w) be the first derivative of w**3/3 - w**2 + 124*w + 15. What is the hundreds digit of k(0)?
1
Let v = -612 - -963. Let m = -95 + v. Suppose 36 = -5*i + m. What is the tens digit of i?
4
Let o = 410 - 237. Let g = o - 92. What is the units digit of g?
1
Suppose -n + 4*a + 2274 + 1065 = 0, -4*a + 13336 = 4*n. What is the tens digit of n?
3
Let c be ((-42)/(-35))/((-3)/(-10)). Suppose -5*x - 5*r - 25 = 0, -c*x + 2 - 17 = 3*r. Suppose 44 = 4*t - x*t. What is the units digit of t?
1
Suppose 26*b - 21*b - 10 = 0. Suppose -h + 0*d = -2*d - 55, 157 = 3*h - b*d. What is the tens digit of h?
5
Let v be -78*(0 + -1 + 3 + -3). Suppose 4*x - 3*n + 0*n = 0, -5*x = -2*n. Suppose x = 2*g + 4*g - v. What is the units digit of g?
3
Let m = -43 - -48. Suppose -72 + 827 = 5*x. Suppose -v + 5*n = -m*v + 248, -3*v + 5*n + x = 0. What is the units digit of v?
7
Let z(r) be the second derivative of r**5/60 - r**4/12 - 11*r**3/6 + 3*r**2/2 + 5*r. Let f(t) be the first derivative of z(t). What is the units digit of f(-5)?
4
Let z be (-15 - -13) + 1 + -3. Let b(k) = k**2 + 5*k + 6. Let p be b(z). What is the tens digit of p/(-11) + 1800/99?
1
Let z(u) = 2*u**3 + 7*u**2 - 5*u - 13. What is the units digit of z(4)?
7
Suppose -4*t - t = -2*w + 35, -5*t - 65 = 4*w. Let o = t + 24. Suppose o = 4*d + h, -3*h - 14 = -2*d - 3. What is the units digit of d?
4
Suppose -164*c - 7380 = -167*c. What is the thousands digit of c?
2
Suppose -23*j + 17*j = -30. Suppose -1 = -2*b + 1. Let z = b + j. What is the units digit of z?
6
Let c(u) = -u**3 + 9*u**2 + 2. Let m be c(9). Suppose -2*v = m*l - 16, 4*v = 5*l - 6 + 2. Suppose 4*r - 14 = l*o - 74, 2*r = -8. What is the tens digit of o?
1
Let u = -2 - -10. Suppose -2*p + 80 = 4*t, -2*p = -0 - u. What is the units digit of t?
8
Let o = 1205 - 404. What is the units digit of o?
1
Suppose 0 = i - 3*l - 7, -5 = -2*i + 4*l + 7. Suppose -i = -3*m - 7, 0 = 4*v - 2*m - 118. What is the tens digit of v?
2
Let z be (1*(-12)/(-18))/((-4)/(-138)). Suppose -174 = 20*w - z*w. What is the units digit of w?
8
Let q be 19 - 13 - (-1 + 1). What is the tens digit of (284/(-6))/(q/(-9))?
7
Suppose -5*u + 2*k = -11033 - 8330, 3*u + 5*k = 11624. What is the tens digit of u?
7
Suppose -2*i = 72 - 32. Let q = 29 + i. What is the units digit of q?
9
Let q(c) = -8*c**3 + 4*c - 6. Let f be q(3). Let b = f + 440. What is the units digit of b?
0
Let i(v) = -5*v - 6. Let c be i(-13). Suppose -5 = -4*b + c. What is the units digit of b?
6
Let g = 182 + -1288. What is the tens digit of 6/(-4)*g/21?
7
Let t(h) = 40*h - 86. What is the hundreds digit of t(40)?
5
Let r(o) = -2*o + 9. Let n be r(6). Let u be (1 - -2)/(21/6 - 3). What is the units digit of -6*n/u*1?
3
Let a(n) = 2*n**2 + 13*n - 5. Let v be a(-6). Let d be 83 - (3 + v)/4. Let w = d + -60. What is the tens digit of w?
2
What is the units digit of 3788/6 + 35/(-105)?
1
Let a be ((-16)/(-12))/((-6)/(-63)). Suppose 15*g = a*g + 4. What is the units digit of g/(-22) + (-711)/(-99)?
7
Suppose 3*y = -y + 228. Suppose 4*v - y = -3*q, 5*q + 46 = v + 3. What is the units digit of v?
8
What is the tens digit of 120 - (-16)/((-16)/4)?
1
What is the